+ 2336005. Calculate t(-393).
13
Let s(m) = 57*m**2 - 11*m + 4. Calculate s(-3).
550
Let g(d) = 6*d**3 - 85*d**2 + 13770*d - 192575. Determine g(14).
9
Let t(p) = 5013*p + 40266. What is t(-8)?
162
Let t(z) = 2*z**2 + 364*z + 9946. Calculate t(-34).
-118
Let n(j) = 520*j + 210. Give n(2).
1250
Let n(a) = -171*a**2 - 4159*a - 1439. Calculate n(-24).
-119
Let g(t) = -95065*t - 1616087. Determine g(-17).
18
Let n(j) = -5*j**3 + 80*j**2 + 318*j - 338. Calculate n(-4).
-10
Let h(y) = 3*y**2 + 24*y - 1488. What is h(19)?
51
Let n(u) = -6964*u - 125111. Give n(-18).
241
Let z(k) = 935*k - 2501. Give z(3).
304
Let z(n) = -12*n**3 + 669*n**2 + 151*n + 949. What is z(56)?
-3
Let x(z) = -303*z - 3687. What is x(-11)?
-354
Let d(j) = 436*j + 132919. Give d(-307).
-933
Let a(w) = -77133*w + 1002726. Give a(13).
-3
Let b(x) = 405*x**2 - 9*x - 50. Calculate b(-4).
6466
Let r(z) = 1321*z + 15491. What is r(-12)?
-361
Let p(r) = -r**2 + 1563*r + 109150. Calculate p(-67).
-60
Let a(g) = 3*g**3 - 323*g**2 - 518*g + 44277. Calculate a(108).
-3
Let v(r) = -668*r**2 + 3328*r + 57. Give v(5).
-3
Let f(w) = -3*w**2 - 944*w + 14437. Determine f(15).
-398
Let k(f) = -1935*f - 214460. Calculate k(-111).
325
Let k(q) = 11*q**2 - 6206*q + 19639. Calculate k(561).
4
Let w(u) = -42748*u - 171077. What is w(-4)?
-85
Let u(v) = 48*v**2 - 18185*v - 2652. What is u(379)?
1
Let p(m) = m**3 - m**2 + 3578*m + 10762. Determine p(-3).
-8
Let x(i) = -2*i**2 - 5454*i - 70545. Give x(-13).
19
Let y(q) = -542*q + 167003. Determine y(307).
609
Let m(p) = -14220*p + 312565. Determine m(22).
-275
Let a(l) = -2*l**3 + 37*l**2 + 70*l - 211. What is a(22)?
-2059
Let a(i) = -18819*i - 319926. What is a(-17)?
-3
Let z(p) = -11560*p - 11632. Give z(-1).
-72
Let d(x) = -332*x**3 - 13*x**2 + 9*x + 28. Determine d(-2).
2614
Let y(r) = 21*r**2 - 4999*r + 250. What is y(238)?
12
Let p(k) = 27807*k - 528418. Calculate p(19).
-85
Let f(m) = 22382*m - 63843. Determine f(3).
3303
Let z(k) = -k**3 + 183*k**2 + 366*k + 699. What is z(185)?
-41
Let h(m) = -m**3 - 33*m**2 - 745*m - 25169. What is h(-33)?
-584
Let o(b) = b**2 - 347*b - 41719. What is o(-94)?
-265
Let d(z) = -18239*z + 127661. Calculate d(7).
-12
Let p(o) = -107*o - 1047. Give p(-7).
-298
Let h(i) = -i**3 - 92*i**2 - 89*i - 568. Give h(-91).
-750
Let o(w) = 4*w**2 + 622*w - 102904. Give o(-256).
8
Let a(s) = 3*s**3 - 8*s**2 - 23*s - 8. What is a(6)?
214
Let m(j) = -8*j**3 + 2000*j**2 - 17356*j + 21. Give m(9).
-15
Let x(o) = 1030*o + 94795. Determine x(-92).
35
Let k(i) = -13*i**2 + 1819*i - 8577. What is k(135)?
63
Let n(z) = -1167*z**2 - 67*z + 53. Calculate n(1).
-1181
Let u(f) = 11*f**2 + 87*f - 100. Calculate u(-11).
274
Let s(n) = -32*n**2 + 18*n + 1589. Calculate s(-11).
-2481
Let s(f) = -18617*f + 55925. Calculate s(3).
74
Let x(p) = 83*p + 3345. What is x(-44)?
-307
Let t(c) = 814*c**2 - 113*c - 108. Determine t(-1).
819
Let m(z) = -7*z**3 - 195*z**2 + 4946*z - 1142. Calculate m(-44).
2
Let c(l) = -l**2 + 374*l - 3263. Calculate c(9).
22
Let j(p) = 5*p**2 + 6*p - 14. What is j(6)?
202
Let c(r) = -1061174*r - 13795268. Determine c(-13).
-6
Let g(d) = 519*d + 13942. Give g(-27).
-71
Let j(f) = 2*f**2 + 18*f - 2451. Calculate j(-37).
-379
Let b(g) = 3*g**2 + 308*g - 435. What is b(-105)?
300
Let h(v) = -8*v**2 - 315*v - 4130. What is h(-14)?
-1288
Let a(z) = -z**3 + 32*z**2 + 317*z - 1731. Determine a(39).
-15
Let q(c) = -86*c - 10368. Calculate q(-116).
-392
Let k(i) = 8561*i - 85537. Calculate k(10).
73
Let w(g) = 5*g**2 - 7653*g + 60880. What is w(8)?
-24
Let r(q) = -6019*q + 4646675. Give r(772).
7
Let d(q) = -23*q**2 + 259*q - 306. Determine d(5).
414
Let s(b) = -2*b**2 + 165552*b - 662240. Give s(4).
-64
Let c(y) = 581*y - 424. Calculate c(0).
-424
Let q(m) = 644*m - 8868. What is q(12)?
-1140
Let k(p) = -851*p - 12772. Determine k(-15).
-7
Let f(h) = 143578*h + 3733034. What is f(-26)?
6
Let o(s) = -36*s**2 - 17969*s + 15471. What is o(-500)?
-29
Let b(f) = -2656*f + 185971. What is b(70)?
51
Let c(s) = 2458*s - 115583. Determine c(47).
-57
Let g(u) = -2527*u + 16894. Calculate g(7).
-795
Let t(u) = 2*u**3 + 20*u**2 - 44*u - 156. Calculate t(-11).
86
Let g(o) = 2*o**2 - 547*o - 8324. What is g(288)?
28
Let h(g) = g**2 + 13*g - 1429. What is h(40)?
691
Let d(t) = 3*t**3 + 265*t**2 + 610*t + 1084. What is d(-86)?
396
Let x(a) = a**2 + 32777*a - 1312669. What is x(40)?
11
Let y(p) = -p**2 - 6050*p + 42423. Give y(7).
24
Let c(r) = -6634*r - 226146. Determine c(-34).
-590
Let j(k) = -644*k + 7573. What is j(14)?
-1443
Let l(t) = -2*t**2 - 756*t + 3747. Give l(5).
-83
Let p(f) = 126*f - 2186. What is p(-11)?
-3572
Let o(f) = -1681289*f - 15131595. Calculate o(-9).
6
Let z(u) = -u**3 - 22*u**2 - 4*u - 584. Calculate z(-23).
37
Let c(o) = -2*o**2 - 232*o + 15032. Determine c(46).
128
Let t(n) = -679*n**2 + 5532*n - 952. Determine t(8).
-152
Let k(w) = 942*w + 49453. Determine k(-48).
4237
Let j(p) = 11*p**2 - 497*p - 599. What is j(46)?
-185
Let v(g) = g**3 - 5*g**2 - 465*g - 196. Calculate v(0).
-196
Let s(w) = 6746*w + 1146816. Determine s(-170).
-4
Let x(u) = 592*u**2 - 8*u - 15. Calculate x(-1).
585
Let w(c) = -1258*c + 45314. Determine w(36).
26
Let u(z) = 2651*z - 80283. What is u(30)?
-753
Let a(i) = -11*i**2 - 1167*i - 8490. Calculate a(-8).
142
Let h(d) = -d**3 + 48*d**2 + 933*d + 774. What is h(63)?
18
Let d(w) = 3*w**3 - 325*w**2 - 976*w + 117056. Give d(108).
-16
Let a(w) = 6*w**3 + 26*w**2 + 20*w + 92. What is a(-5)?
-108
Let o(j) = 43797*j + 87598. Give o(-2).
4
Let f(z) = 331270*z + 2318905. Calculate f(-7).
15
Let m(b) = b**3 + 23*b**2 - 519*b + 979. Determine m(-37).
1016
Let j(l) = 3*l**3 + 193*l**2 + 95*l - 194. Determine j(-64).
-2178
Let f(k) = k**3 + 184*k**2 - 375*k - 1102. What is f(-186)?
-544
Let q(m) = -6*m**3 + 817*m**2 - 180*m + 6084. Give q(136).
100
Let a(t) = 15*t**2 + 31716*t - 63430. Give a(2).
62
Let p(v) = 146873*v - 440644. Give p(3).
-25
Let m(c) = -5*c**2 + 9225*c + 532282. Give m(-56).
2
Let t(p) = 5*p**2 - 278*p + 3759. Give t(26).
-89
Let u(i) = -5*i**3 - 727*i**2 + 451*i + 1906. Give u(-146).
8
Let h(f) = 12*f**2 - 275*f - 26596. Determine h(-37).
7
Let w(a) = 3746*a + 457010. What is w(-122)?
-2
Let k(a) = -8*a**2 - 77*a + 417. Calculate k(11).
-1398
Let h(j) = 259*j + 7810. What is h(-43)?
-3327
Let w(n) = 43*n + 4302. Give w(-98).
88
Let n(h) = -235*h + 79480. Give n(338).
50
Let a(m) = 2*m**3 - 38*m**2 - 88*m + 2. Give a(21).
-82
Let i(h) = -23*h**2 + 2272*h - 56. Calculate i(97).
3921
Let a(r) = -2*r**2 + 78*r + 5559. Determine a(62).
2707
Let z(i) = 5*i**3 + 178*i**2 - 1257*i + 57. Give z(6).
3
Let y(b) = b**3 - 17*b**2 + 1512*b - 11759. Calculate y(8).
-239
Let s(b) = -55*b**2 - 861*b + 4299. What is s(5)?
-1381
Let m(t) = 2*t**2 - 2358*t + 4711. Determine m(2).
3
Let a(o) = 48*o**2 - 1260*o - 37. Calculate a(26).
-349
Let b(v) = -2*v**3 + 196*v**2 + 204*v - 173. Calculate b(99).
421
Let d(v) = -4*v**3 - 7*v**2 + 102*v + 262. Give d(-3).
1
Let d(a) = 27524*a - 27528. Give d(1).
-4
Let z(v) = 46*v**2 - 10583*v - 52935. What is z(-5)?
1130
Let r(g) = 2*g**2 + 8420*g + 50542. What is r(-6)?
94
Let p(r) = 8630*r - 310671. What is p(36)?
9
Let n(t) = t**2 - 230*t + 12379. Determine n(86).
-5
Let t(z) = 173*z + 1416. Give t(-13).
-833
Let f(m) = m**3 + 63*m**2 + 55*m + 158. Give f(-62).
592
Let q(b) = -3580*b**2 + 17916*b - 10. Give q(5).
70
Let f(d) = d**3 + 28*d**2 + 427*d + 1940. Calculate f(-7).
-20
Let l(j) = -2230*j - 6844. What is l(-3)?
-154
Let w(a) = -147*a**3 + 5878*a**2 + 79*a + 31. What is w(40)?
-9
Let r(a) = 613076*a + 3065374. Determine r(-5).
-6
Let v(l) = -7314*l + 51112. Give v(7).
-86
Let z(b) = -249*b - 24689. Give z(-89).
-2528
Let s(y) = -4*y**2 - 879*y - 10553. Give s(-207).
4
Let c(u) = 1660*u**2 - 64742*u + 59. Give c(39).
-19
Let s(b) = b**3 + 65*b**2 - 624*b + 3046. What is s(-74)?
-62
Let r(i) = i**3 - 19*i**2 + 99*i - 1976. Calculate r(21).
985
Let h(b) = 30362*b + 607211. Calculate h(-20).
-29
Let x(l) = -54*l**3 + 275*l**2 - 22*l - 13. Determine x(5).
2
Let n(h) = -8596*h + 77176. Determine n(9).
-188
Let d(a) = a**2 + 381*a + 10751. Give d(-30).
221
Let g(x) = -5979660*x - 17938981. Give g(-3).
-1
Let r(m) = 4082*m - 53006. Determine r(13).
60
Let v(k) = -1